s**2 - 3*s. Let j be u(-1). Suppose -10*h - 797 = -j. Suppose 5*a = -c + h, 2*a + 6*c - 3*c = 195. What are the prime factors of a?
2, 3, 5
Suppose -13*g - 11133 = -16*g + 4*h, -3*g + 3*h + 11130 = 0. What are the prime factors of g?
11, 337
Let v(n) be the second derivative of n**5/6 - 5*n**4/24 + n**3/6 + n**2 + 8*n. Let d(s) be the first derivative of v(s). List the prime factors of d(2).
31
Suppose -3*i - 91689 = -3*x, -13*x + 10*x = -2*i - 91694. What are the prime factors of x?
2, 3821
Suppose -2*t = -5*t + 3. Let r(a) = 58*a**2 + 0*a - t + 2*a - 42*a**2 + 60*a**2. What are the prime factors of r(1)?
7, 11
Let j be 20/6*6/(-4). Let m be 8/(-2)*520/j. Suppose 2*n + 0*n = m. What are the prime factors of n?
2, 13
Let a be (-8)/(-120)*3 + (-23534)/(-5). Suppose f - 116 + 2929 = 3*q, 5*q + 3*f = a. What are the prime factors of q?
3, 313
Let b(w) = -3*w**3 - 17*w**2 - 14*w - 3. Let n be b(-5). Suppose 10*g + 5054 = n*g. List the prime factors of g.
2, 19
Let g = -1380 + 2422. List the prime factors of g.
2, 521
Let d(c) = -19*c**3 + 22*c**2 + 44*c + 8. Let y(n) = -16*n**3 + 21*n**2 + 43*n + 8. Let t(p) = -5*d(p) + 6*y(p). List the prime factors of t(17).
5, 73
Let l(g) = -100*g**3 - 24*g**2 + 37*g - 133. List the prime factors of l(-9).
2, 5, 7, 19, 53
Suppose -v = 25*t - 19*t - 13773, 0 = 3*v - 2*t - 41319. What are the prime factors of v?
3, 4591
Let j = -29 + 3530. What are the prime factors of j?
3, 389
Let u = -2264 + 8899. What are the prime factors of u?
5, 1327
Let h = 601 + 15. Suppose h = 5*i - 4*i. Suppose 4*o - 4*z = 612, -4*o + i = -0*o - 5*z. What are the prime factors of o?
149
Let l(j) = 4*j**3 + 28*j**2 - 8*j - 7. Let s be l(-8). Let d = 372 + s. What are the prime factors of d?
173
Let j(v) = 21*v**3 - 13*v**2 - 21*v - 13. List the prime factors of j(6).
3929
Suppose 3*l + 3*d = 18390, 5*d + 12295 = 2*l - 0*l. Let b = -4268 + l. What are the prime factors of b?
1867
Let y be (38 - 666)/(1/(-4)). Suppose -8*f = 4*u - 10*f - y, 3*f = 4*u - 2514. What are the prime factors of u?
3, 11, 19
Suppose 5*s = -3*n + 24249 + 39044, 5*n = 2*s - 25280. What are the prime factors of s?
5, 2531
Let v be 3 + (-4 - 3) + 1 + -83. Let l = 91 + v. Suppose -l*h = -3*z - 661 - 89, 0 = 2*z + 10. What are the prime factors of h?
3, 7
Let x(f) = f**3 + 13*f**2 + 18*f + 38. Suppose -2*g = -4*j + 32, -4*j - 21 = 4*g + 7. List the prime factors of x(g).
2, 79
Let j = -77 - -63. Let g be (60/j)/((-3)/378). Let d = 796 - g. List the prime factors of d.
2
Let o = -17 + 9. Let h be 2/o - (-253)/4. Suppose -5*l + 22 = d - h, 5*d - 503 = l. List the prime factors of d.
2, 5
Let l = 1062 + -1887. Let a = 1200 + l. List the prime factors of a.
3, 5
Suppose 1738 = 13*y - 9*y + 3*d, 3*y + 4*d - 1300 = 0. Suppose 3*c - y - 1256 = 0. List the prime factors of c.
2, 3, 47
Suppose -4*x + 210 + 250 = 0. Let j = -20 + -4. Let k = x - j. What are the prime factors of k?
139
Suppose 678*j - 688*j + 8321 = -87879. List the prime factors of j.
2, 5, 13, 37
Suppose 4*u - 5*b = 465, -4*u - 6*b = -2*b - 420. What are the prime factors of (-11)/(-2)*u - (0 - 0)?
5, 11
Let x = 962 - 954. Suppose -4*d + x = 0, 0 = -9*v + 4*v + d + 7638. What are the prime factors of v?
2, 191
Suppose 49*r + 11*r - 2873940 = 0. List the prime factors of r.
19, 2521
Suppose 1316405 = -1912*k + 1935*k. What are the prime factors of k?
5, 11447
Suppose 0 = -4*b + 19 - 3, 5*b = -5*w + 35. Suppose 50 = s + 2*l, w*s + 2*s + 2*l - 226 = 0. List the prime factors of s.
2, 11
Let b = -4598 - -10493. List the prime factors of b.
3, 5, 131
Suppose -m + 4*l + 2 + 18 = 0, 0 = 5*m + l - 16. Suppose 0*w - m*w - 630 = -3*f, f = 2. Let u = -88 - w. What are the prime factors of u?
2, 17
Let c be 2*7*(-1 - 0). Let f = -11 - c. Suppose 5*n + 187 = f*k + 22, -5*n - 55 = -k. What are the prime factors of k?
5, 11
Suppose -22*u + 26*u - 27016 = 4*o, -4*o = -u + 6742. What are the prime factors of u?
2, 31, 109
Suppose 121*x = -172*x + 406977. What are the prime factors of x?
3, 463
Suppose 0 = -130*y + 133*y - 6, -h + y + 14644 = 0. What are the prime factors of h?
2, 3, 2441
Let i = 35157 + 36255. List the prime factors of i.
2, 3, 11, 541
Suppose 3*j = -j - 108. Let w(s) be the second derivative of -s**5/20 - 7*s**4/3 - 16*s**3/3 - 19*s**2/2 + 552*s. What are the prime factors of w(j)?
2, 29
Suppose 4*g - 2*q - 2140 = 0, 0*g + 535 = g - 2*q. Let o = g + -370. List the prime factors of o.
3, 5, 11
Let x(i) = 2*i**3 + 13*i**2 + 8*i + 1. Let l = 35 - 41. Let n be x(l). Let b(z) = -7*z + 6. List the prime factors of b(n).
83
Let o(l) = -565*l**3 + l. Let z be o(-1). Let r = 887 - z. What are the prime factors of r?
17, 19
Suppose -439*u + 204*u = -221*u - 465822. List the prime factors of u.
3, 3697
Suppose 20*n + 3*n = -7337. Let x = n - -563. What are the prime factors of x?
2, 61
Let t(l) = 594*l + 2067. List the prime factors of t(9).
3, 7, 353
Let x(o) = 33*o**2 - o - 225. What are the prime factors of x(-13)?
5, 29, 37
Suppose -4*j - 276 = -5*o, -o + 14*j = 13*j - 55. Suppose -k + o = -14. List the prime factors of k.
2, 5, 7
Let u(f) be the third derivative of -f**6/120 + f**5/12 - f**4/6 + 8*f**3/3 + 26*f**2. Let j be u(3). Suppose -3*c = -50 - j. List the prime factors of c.
2, 3
Let i = -3357 - -4828. What are the prime factors of i?
1471
Let h be (-365)/5 - (2 + -2). Let z(r) = r**3 + 2*r**2 - 8*r - 7. Let m be z(-6). Let s = h - m. List the prime factors of s.
2, 3, 5
Suppose -12*v + 12 = -16*v. Let m = v + 6. Suppose r + 3*g = 6*r - 36, -r + m*g = 0. What are the prime factors of r?
3
Suppose u - 808 = 776 + 5716. What are the prime factors of u?
2, 5, 73
Suppose 400 = 8*z - 3*z. Suppose -4*d + 0*d + 3*n + 68 = 0, -3*d - 5*n = -z. Let j = -9 + d. What are the prime factors of j?
11
List the prime factors of (-60)/(-4) + (5981 - -20).
2, 47
Suppose 2*w = -0*w + 3*f - 9, -w + 13 = 2*f. Suppose 0 = w*j + 5 - 11. List the prime factors of 4/j*(32 - -9).
2, 41
Let n be 15/4 - 57/76. Let z = 0 + n. Suppose -3*j = -z*t - 0*t + 6, 5*j = 25. What are the prime factors of t?
7
List the prime factors of (-3 - -14)*-694*(2 - 3).
2, 11, 347
Let h(w) = 2 + 22*w + 2 + 5*w. Suppose 2*u - 4 = 2*o, -2*u + 3 = 2*o - 3*o. What are the prime factors of h(u)?
31
Let u be 3 - ((4/(-1))/(-4) + -4). Suppose 21 = -u*m - 3. List the prime factors of m - 137/(0 + -1).
7, 19
Let l(b) = b. Let y(w) = -11*w**2 - 3*w + 5. Let c(n) = -4*l(n) - y(n). Let u = 46 - 49. What are the prime factors of c(u)?
97
Let p(c) be the third derivative of c**4/24 + c**3/2 - 17*c**2. Let v be p(3). Let g(x) = x**3 - 4*x**2 - 3*x + 7. What are the prime factors of g(v)?
61
Let u(a) = -9*a. Let y be u(4). Let i = y - -28. List the prime factors of (-6)/3 - 3*-1 - i.
3
Suppose 0 = 124*l - 142085 - 632791. List the prime factors of l.
3, 2083
Let t(p) = -118*p**2 + 1260*p + 11. List the prime factors of t(10).
811
Let k(p) = 14*p**3 - 5*p**2 + 7*p + 9. Let g(s) = 15*s**3 - 5*s**2 + 7*s + 9. Let a(w) = -4*g(w) + 5*k(w). What are the prime factors of a(4)?
3, 199
Let g(a) be the third derivative of -85*a**4/12 - 29*a**3 + 25*a**2 + 3. List the prime factors of g(-9).
2, 3, 113
Suppose q + 5*n - 169 = 0, -8*q + 5*n - 865 = -13*q. Suppose 5*u - q = 9*v - 10*v, 0 = -4*v + 4*u + 792. List the prime factors of v.
2, 97
Suppose -p - 3*x = -19 + 18, -2*x - 2 = 0. Suppose -938 = -2*b + p*h, -15*b + 14*b - 4*h = -469. What are the prime factors of b?
7, 67
Let t be ((-26)/39)/((-1)/6). What are the prime factors of ((-2 - t) + -2)*258/(-4)?
2, 3, 43
Suppose 2*z + 8*z = 5*z. Suppose z = -4*c + 3*j + 169, 0*c + 5*c - 209 = 3*j. What are the prime factors of c?
2, 5
Suppose 0 = -0*l - 5*l - 5*c - 2000, 0 = 2*l - 4*c + 812. List the prime factors of l*(-2 - -3)*8/(-24).
2, 67
Let u = -126359 - -183596. What are the prime factors of u?
3, 19079
Let w(q) = -7276*q + 3086. List the prime factors of w(-8).
2, 19, 1613
Let h(i) = 8*i - 141. Let b be h(18). What are the prime factors of ((-52)/8)/(b/(-486))?
3, 13
Suppose -c = -428 - 160. Suppose -3*y + 30 + c = 0. Let x = -127 + y. List the prime factors of x.
79
Let f be -13 + 16 + 1*-1*1. Let g(x) = 2*x**3 - 3*x**2 - x + 2. Let t be g(f). Suppose -4 = -4*y + t, -4*y + 260 = 3*h. List the prime factors of h.
2, 3, 7
Let j